{"id":3523,"date":"2025-08-14T16:39:06","date_gmt":"2025-08-14T14:39:06","guid":{"rendered":"https:\/\/seniorbofrederiksberg.dk\/?post_type=tribe_events&#038;p=3523"},"modified":"2025-08-14T16:39:07","modified_gmt":"2025-08-14T14:39:07","slug":"besaettelsestidens-frederiksberg-med-raadmand-nikolaj-boegh","status":"publish","type":"tribe_events","link":"https:\/\/seniorbofrederiksberg.dk\/?tribe_events=besaettelsestidens-frederiksberg-med-raadmand-nikolaj-boegh","title":{"rendered":"Bes\u00e6ttelsestidens Frederiksberg med r\u00e5dmand Nikolaj B\u00f8gh"},"content":{"rendered":"<div  class=\"tribe-events-schedule tribe-clearfix\" >\n\t<p class=\"tribe-events-schedule__datetime\">\n\t\t<span class=\"tribe-events-schedule__date tribe-events-schedule__date--start\">\n\t\t\t1 oktober, 2025\t\t<\/span>\n\n\t\t\t\t\t<span class=\"tribe-events-schedule__separator tribe-events-schedule__separator--date\">\n\t\t\t\t @ \t\t\t<\/span>\n\t\t\t<span class=\"tribe-events-schedule__time tribe-events-schedule__time--start\">\n\t\t\t\t16:00\t\t\t<\/span>\n\t\t\n\t\t\t\t\t\t\t\t\t<span class=\"tribe-events-schedule__separator tribe-events-schedule__separator--time\">\n\t\t\t\t\t &#8211; \t\t\t\t<\/span>\n\t\t\t\n\t\t\t\t\t\t\t<span class=\"tribe-events-schedule__time tribe-events-schedule__time--end\">\n\t\t\t\t\t18:00\t\t\t\t<\/span>\n\t\t\t\n\t\t\t\t\t\t<\/p>\n<\/div>\n\n\n\n<p class=\"wp-block-paragraph\">I \u00e5r har vi fejret vi 80-\u00e5ret for Danmarks befrielse, og under bes\u00e6ttelsen foregik en hel del meget dramatiske begivenheder, lige fra spr\u00e6ngningen af Forum i august 1943, som var en af f\u00f8rste store sabotageaktioner, den danske modstandsbev\u00e6gelse foretog, og til fejlbombardementet af den franske skole i marts 1945. Hertil kommer talrige sabotageaktioner og stikkerlikvideringer, den storsl\u00e5ede fejring af kong Christian\u00a0Xs f\u00f8dselsdag i 1940 og mange andre ting. Turen med r\u00e5dmand Nikolaj B\u00f8gh som guide begynder ved hovedindgangen til Forum og ender p\u00e5 John Winthers Plads bag Frederiksberg R\u00e5dhus. \u00a0<\/p>\n\n\n\n<p class=\"wp-block-paragraph\">Bh<\/p>\n\n\n\n<p class=\"wp-block-paragraph\">Nikolaj&nbsp;<\/p>\n\n\n<div  class=\"tribe-block tribe-block__event-price\" >\n\t\t<\/div>\n\n\n\n\n<div  class=\"tribe-block tribe-block__venue tribe-clearfix\" >\n\t\n\t\t\n\t<\/div>\n\n\n\n\n\t<div  class=\"tribe-block tribe-block__events-link\" >\n\t\t<div class=\"tribe-events tribe-common\">\n\t\t\t<div class=\"tribe-events-c-subscribe-dropdown__container\">\n\t\t\t\t<div class=\"tribe-events-c-subscribe-dropdown\">\n\t\t\t\t\t<div class=\"tribe-common-c-btn-border tribe-events-c-subscribe-dropdown__button\">\n\t\t\t\t\t\t<svg\n\t class=\"tribe-common-c-svgicon tribe-common-c-svgicon--cal-export tribe-events-c-subscribe-dropdown__export-icon\" \taria-hidden=\"true\"\n\tviewBox=\"0 0 23 17\"\n\txmlns=\"http:\/\/www.w3.org\/2000\/svg\"\n>\n\t<path fill-rule=\"evenodd\" clip-rule=\"evenodd\" d=\"M.128.896V16.13c0 .211.145.383.323.383h15.354c.179 0 .323-.172.323-.383V.896c0-.212-.144-.383-.323-.383H.451C.273.513.128.684.128.896Zm16 6.742h-.901V4.679H1.009v10.729h14.218v-3.336h.901V7.638ZM1.01 1.614h14.218v2.058H1.009V1.614Z\" \/>\n\t<path d=\"M20.5 9.846H8.312M18.524 6.953l2.89 2.909-2.855 2.855\" stroke-width=\"1.2\" stroke-linecap=\"round\" stroke-linejoin=\"round\"\/>\n<\/svg>\n\t\t\t\t\t\t<button\n\t\t\t\t\t\t\tclass=\"tribe-events-c-subscribe-dropdown__button-text\"\n\t\t\t\t\t\t\taria-expanded=\"false\"\n\t\t\t\t\t\t\taria-controls=\"tribe-events-subscribe-dropdown-content\"\n\t\t\t\t\t\t\taria-label=\"Se links til at tilf\u00f8je begivenheder til din kalender\"\n\t\t\t\t\t\t>\n\t\t\t\t\t\t\tTilf\u00f8j til kalender\t\t\t\t\t\t<\/button>\n\t\t\t\t\t\t<svg\n\t class=\"tribe-common-c-svgicon tribe-common-c-svgicon--caret-down tribe-events-c-subscribe-dropdown__button-icon\" \taria-hidden=\"true\"\n\tviewBox=\"0 0 10 7\"\n\txmlns=\"http:\/\/www.w3.org\/2000\/svg\"\n>\n\t<path fill-rule=\"evenodd\" clip-rule=\"evenodd\" d=\"M1.008.609L5 4.6 8.992.61l.958.958L5 6.517.05 1.566l.958-.958z\" class=\"tribe-common-c-svgicon__svg-fill\"\/>\n<\/svg>\n\t\t\t\t\t<\/div>\n\t\t\t\t\t<div id=\"tribe-events-subscribe-dropdown-content\" class=\"tribe-events-c-subscribe-dropdown__content\">\n\t\t\t\t\t\t<ul class=\"tribe-events-c-subscribe-dropdown__list\">\n\t\t\t\t\t\t\t\t\t\t\t\t\t\t\t<li class=\"tribe-events-c-subscribe-dropdown__list-item tribe-events-c-subscribe-dropdown__list-item--gcal\">\n\t\t\t\t\t\t\t\t\t<a\n\t\t\t\t\t\t\t\t\t\thref=\"https:\/\/www.google.com\/calendar\/event?action=TEMPLATE&#038;dates=20251001T160000\/20251001T180000&#038;text=Bes%C3%A6ttelsestidens%20Frederiksberg%20med%20r%C3%A5dmand%20Nikolaj%20B%C3%B8gh&#038;details=%3Cp+class%3D%22%22%3EI+%C3%A5r+har+vi+fejret+vi+80-%C3%A5ret+for+Danmarks+befrielse%2C+og+under+bes%C3%A6ttelsen+foregik+en+hel+del+meget+dramatiske+begivenheder%2C+lige+fra+spr%C3%A6ngningen+af+Forum+i+august+1943%2C+som+var+en+af+f%C3%B8rste+store+sabotageaktioner%2C+den+danske+modstandsbev%C3%A6gelse+foretog%2C+og+til+fejlbombardementet+af+den+franske+skole+i+marts+1945.+Hertil+kommer+talrige+sabotageaktioner+og+stikkerlikvideringer%2C+den+storsl%C3%A5ede+fejring+af+kong+Christian%C2%A0Xs+f%C3%B8dselsdag+i+1940+og+mange+andre+ting.+Turen+med+r%C3%A5dmand+Nikolaj+B%C3%B8gh+som+guide+begynder+ved+hovedindgangen+til+Forum+og+ender+p%C3%A5+John+Winthers+Plads+bag+Frederiksberg+R%C3%A5dhus.+%C2%A0%3C%2Fp%3E+%3Cp+class%3D%22%22%3EBh%3C%2Fp%3E+%3Cp+class%3D%22%22%3ENikolaj%26nbsp%3B%3C%2Fp%3E+&#038;trp=false&#038;ctz=Europe\/Copenhagen&#038;sprop=website:https:\/\/seniorbofrederiksberg.dk\"\n\t\t\t\t\t\t\t\t\t\tclass=\"tribe-events-c-subscribe-dropdown__list-item-link\"\n\t\t\t\t\t\t\t\t\t\ttarget=\"_blank\"\n\t\t\t\t\t\t\t\t\t\trel=\"noopener noreferrer nofollow noindex\"\n\t\t\t\t\t\t\t\t\t>\n\t\t\t\t\t\t\t\t\t\tGoogle kalender\t\t\t\t\t\t\t\t\t<\/a>\n\t\t\t\t\t\t\t\t<\/li>\n\t\t\t\t\t\t\t\t\t\t\t\t\t\t\t<li class=\"tribe-events-c-subscribe-dropdown__list-item tribe-events-c-subscribe-dropdown__list-item--ical\">\n\t\t\t\t\t\t\t\t\t<a\n\t\t\t\t\t\t\t\t\t\thref=\"\"\n\t\t\t\t\t\t\t\t\t\tclass=\"tribe-events-c-subscribe-dropdown__list-item-link\"\n\t\t\t\t\t\t\t\t\t\ttarget=\"_blank\"\n\t\t\t\t\t\t\t\t\t\trel=\"noopener noreferrer nofollow noindex\"\n\t\t\t\t\t\t\t\t\t>\n\t\t\t\t\t\t\t\t\t\tiCalendar\t\t\t\t\t\t\t\t\t<\/a>\n\t\t\t\t\t\t\t\t<\/li>\n\t\t\t\t\t\t\t\t\t\t\t\t\t\t\t<li class=\"tribe-events-c-subscribe-dropdown__list-item tribe-events-c-subscribe-dropdown__list-item--outlook-365\">\n\t\t\t\t\t\t\t\t\t<a\n\t\t\t\t\t\t\t\t\t\thref=\"\"\n\t\t\t\t\t\t\t\t\t\tclass=\"tribe-events-c-subscribe-dropdown__list-item-link\"\n\t\t\t\t\t\t\t\t\t\ttarget=\"_blank\"\n\t\t\t\t\t\t\t\t\t\trel=\"noopener noreferrer nofollow noindex\"\n\t\t\t\t\t\t\t\t\t>\n\t\t\t\t\t\t\t\t\t\tOutlook 365\t\t\t\t\t\t\t\t\t<\/a>\n\t\t\t\t\t\t\t\t<\/li>\n\t\t\t\t\t\t\t\t\t\t\t\t\t\t\t<li class=\"tribe-events-c-subscribe-dropdown__list-item tribe-events-c-subscribe-dropdown__list-item--outlook-live\">\n\t\t\t\t\t\t\t\t\t<a\n\t\t\t\t\t\t\t\t\t\thref=\"\"\n\t\t\t\t\t\t\t\t\t\tclass=\"tribe-events-c-subscribe-dropdown__list-item-link\"\n\t\t\t\t\t\t\t\t\t\ttarget=\"_blank\"\n\t\t\t\t\t\t\t\t\t\trel=\"noopener noreferrer nofollow noindex\"\n\t\t\t\t\t\t\t\t\t>\n\t\t\t\t\t\t\t\t\t\tOutlook Live\t\t\t\t\t\t\t\t\t<\/a>\n\t\t\t\t\t\t\t\t<\/li>\n\t\t\t\t\t\t\t\t\t\t\t\t\t<\/ul>\n\t\t\t\t\t<\/div>\n\t\t\t\t<\/div>\n\t\t\t<\/div>\n\t\t<\/div>\n\t<\/div>\n\n","protected":false},"excerpt":{"rendered":"<p class=\"sbf-search-event-date\" style=\"color:#5a3e8c;font-weight:600;margin-bottom:4px;\">\ud83d\udcc5 1. oktober 2025 kl. 16:00<\/p><p>I \u00e5r har vi fejret vi 80-\u00e5ret for Danmarks befrielse, og under bes\u00e6ttelsen foregik en hel del meget dramatiske begivenheder, lige fra spr\u00e6ngningen af Forum i august 1943, som var [&hellip;]<\/p>\n","protected":false},"author":1,"featured_media":0,"comment_status":"open","ping_status":"closed","template":"","meta":{"_EventAllDay":false,"_EventTimezone":"Europe\/Copenhagen","_EventStartDate":"2025-10-01 16:00:00","_EventEndDate":"2025-10-01 18:00:00","_EventStartDateUTC":"2025-10-01 14:00:00","_EventEndDateUTC":"2025-10-01 16:00:00","_EventShowMap":false,"_EventShowMapLink":false,"_EventURL":"","_EventCost":"","_EventCostDescription":"","_EventCurrencySymbol":"kr.","_EventCurrencyCode":"DKR","_EventCurrencyPosition":"suffix","_EventDateTimeSeparator":" @ ","_EventTimeRangeSeparator":" - ","_EventOrganizerID":[],"_EventVenueID":[],"_OrganizerEmail":"","_OrganizerPhone":"","_OrganizerWebsite":"","_VenueAddress":"","_VenueCity":"","_VenueCountry":"","_VenueProvince":"","_VenueState":"","_VenueZip":"","_VenuePhone":"","_VenueURL":"","_VenueStateProvince":"","_VenueLat":"","_VenueLng":"","_VenueShowMap":false,"_VenueShowMapLink":false,"_tribe_events_status":"","_tribe_events_status_reason":"","footnotes":""},"tags":[],"tribe_events_cat":[],"class_list":["post-3523","tribe_events","type-tribe_events","status-publish","hentry"],"_links":{"self":[{"href":"https:\/\/seniorbofrederiksberg.dk\/index.php?rest_route=\/wp\/v2\/tribe_events\/3523","targetHints":{"allow":["GET"]}}],"collection":[{"href":"https:\/\/seniorbofrederiksberg.dk\/index.php?rest_route=\/wp\/v2\/tribe_events"}],"about":[{"href":"https:\/\/seniorbofrederiksberg.dk\/index.php?rest_route=\/wp\/v2\/types\/tribe_events"}],"author":[{"embeddable":true,"href":"https:\/\/seniorbofrederiksberg.dk\/index.php?rest_route=\/wp\/v2\/users\/1"}],"replies":[{"embeddable":true,"href":"https:\/\/seniorbofrederiksberg.dk\/index.php?rest_route=%2Fwp%2Fv2%2Fcomments&post=3523"}],"version-history":[{"count":1,"href":"https:\/\/seniorbofrederiksberg.dk\/index.php?rest_route=\/wp\/v2\/tribe_events\/3523\/revisions"}],"predecessor-version":[{"id":3524,"href":"https:\/\/seniorbofrederiksberg.dk\/index.php?rest_route=\/wp\/v2\/tribe_events\/3523\/revisions\/3524"}],"wp:attachment":[{"href":"https:\/\/seniorbofrederiksberg.dk\/index.php?rest_route=%2Fwp%2Fv2%2Fmedia&parent=3523"}],"wp:term":[{"taxonomy":"post_tag","embeddable":true,"href":"https:\/\/seniorbofrederiksberg.dk\/index.php?rest_route=%2Fwp%2Fv2%2Ftags&post=3523"},{"taxonomy":"tribe_events_cat","embeddable":true,"href":"https:\/\/seniorbofrederiksberg.dk\/index.php?rest_route=%2Fwp%2Fv2%2Ftribe_events_cat&post=3523"}],"curies":[{"name":"wp","href":"https:\/\/api.w.org\/{rel}","templated":true}]}}

Besættelsestidens Frederiksberg med rådmand Nikolaj Bøgh

<div  class="tribe-events-schedule tribe-clearfix" >
	<p class="tribe-events-schedule__datetime">
		<span class="tribe-events-schedule__date tribe-events-schedule__date--start">
			1 oktober, 2025		</span>

					<span class="tribe-events-schedule__separator tribe-events-schedule__separator--date">
				 @ 			</span>
			<span class="tribe-events-schedule__time tribe-events-schedule__time--start">
				16:00			</span>
		
									<span class="tribe-events-schedule__separator tribe-events-schedule__separator--time">
					 &#8211; 				</span>
			
							<span class="tribe-events-schedule__time tribe-events-schedule__time--end">
					18:00				</span>
			
						</p>
</div>



<p class="wp-block-paragraph">I år har vi fejret vi 80-året for Danmarks befrielse, og under besættelsen foregik en hel del meget dramatiske begivenheder, lige fra sprængningen af Forum i august 1943, som var en af første store sabotageaktioner, den danske modstandsbevægelse foretog, og til fejlbombardementet af den franske skole i marts 1945. Hertil kommer talrige sabotageaktioner og stikkerlikvideringer, den storslåede fejring af kong Christian Xs fødselsdag i 1940 og mange andre ting. Turen med rådmand Nikolaj Bøgh som guide begynder ved hovedindgangen til Forum og ender på John Winthers Plads bag Frederiksberg Rådhus.  </p>



<p class="wp-block-paragraph">Bh</p>



<p class="wp-block-paragraph">Nikolaj&nbsp;</p>


<div  class="tribe-block tribe-block__event-price" >
		</div>




<div  class="tribe-block tribe-block__venue tribe-clearfix" >
	
		
	</div>




	<div  class="tribe-block tribe-block__events-link" >
		<div class="tribe-events tribe-common">
			<div class="tribe-events-c-subscribe-dropdown__container">
				<div class="tribe-events-c-subscribe-dropdown">
					<div class="tribe-common-c-btn-border tribe-events-c-subscribe-dropdown__button">
						<svg
	 class="tribe-common-c-svgicon tribe-common-c-svgicon--cal-export tribe-events-c-subscribe-dropdown__export-icon" 	aria-hidden="true"
	viewBox="0 0 23 17"
	xmlns="http://www.w3.org/2000/svg"
>
	<path fill-rule="evenodd" clip-rule="evenodd" d="M.128.896V16.13c0 .211.145.383.323.383h15.354c.179 0 .323-.172.323-.383V.896c0-.212-.144-.383-.323-.383H.451C.273.513.128.684.128.896Zm16 6.742h-.901V4.679H1.009v10.729h14.218v-3.336h.901V7.638ZM1.01 1.614h14.218v2.058H1.009V1.614Z" />
	<path d="M20.5 9.846H8.312M18.524 6.953l2.89 2.909-2.855 2.855" stroke-width="1.2" stroke-linecap="round" stroke-linejoin="round"/>
</svg>
						<button
							class="tribe-events-c-subscribe-dropdown__button-text"
							aria-expanded="false"
							aria-controls="tribe-events-subscribe-dropdown-content"
							aria-label="Se links til at tilføje begivenheder til din kalender"
						>
							Tilføj til kalender						</button>
						<svg
	 class="tribe-common-c-svgicon tribe-common-c-svgicon--caret-down tribe-events-c-subscribe-dropdown__button-icon" 	aria-hidden="true"
	viewBox="0 0 10 7"
	xmlns="http://www.w3.org/2000/svg"
>
	<path fill-rule="evenodd" clip-rule="evenodd" d="M1.008.609L5 4.6 8.992.61l.958.958L5 6.517.05 1.566l.958-.958z" class="tribe-common-c-svgicon__svg-fill"/>
</svg>
					</div>
					<div id="tribe-events-subscribe-dropdown-content" class="tribe-events-c-subscribe-dropdown__content">
						<ul class="tribe-events-c-subscribe-dropdown__list">
															<li class="tribe-events-c-subscribe-dropdown__list-item tribe-events-c-subscribe-dropdown__list-item--gcal">
									<a
										href="https://www.google.com/calendar/event?action=TEMPLATE&#038;dates=20251001T160000/20251001T180000&#038;text=Bes%C3%A6ttelsestidens%20Frederiksberg%20med%20r%C3%A5dmand%20Nikolaj%20B%C3%B8gh&#038;details=%3Cp+class%3D%22%22%3EI+%C3%A5r+har+vi+fejret+vi+80-%C3%A5ret+for+Danmarks+befrielse%2C+og+under+bes%C3%A6ttelsen+foregik+en+hel+del+meget+dramatiske+begivenheder%2C+lige+fra+spr%C3%A6ngningen+af+Forum+i+august+1943%2C+som+var+en+af+f%C3%B8rste+store+sabotageaktioner%2C+den+danske+modstandsbev%C3%A6gelse+foretog%2C+og+til+fejlbombardementet+af+den+franske+skole+i+marts+1945.+Hertil+kommer+talrige+sabotageaktioner+og+stikkerlikvideringer%2C+den+storsl%C3%A5ede+fejring+af+kong+Christian%C2%A0Xs+f%C3%B8dselsdag+i+1940+og+mange+andre+ting.+Turen+med+r%C3%A5dmand+Nikolaj+B%C3%B8gh+som+guide+begynder+ved+hovedindgangen+til+Forum+og+ender+p%C3%A5+John+Winthers+Plads+bag+Frederiksberg+R%C3%A5dhus.+%C2%A0%3C%2Fp%3E+%3Cp+class%3D%22%22%3EBh%3C%2Fp%3E+%3Cp+class%3D%22%22%3ENikolaj%26nbsp%3B%3C%2Fp%3E+&#038;trp=false&#038;ctz=Europe/Copenhagen&#038;sprop=website:https://seniorbofrederiksberg.dk"
										class="tribe-events-c-subscribe-dropdown__list-item-link"
										target="_blank"
										rel="noopener noreferrer nofollow noindex"
									>
										Google kalender									</a>
								</li>
															<li class="tribe-events-c-subscribe-dropdown__list-item tribe-events-c-subscribe-dropdown__list-item--ical">
									<a
										href=""
										class="tribe-events-c-subscribe-dropdown__list-item-link"
										target="_blank"
										rel="noopener noreferrer nofollow noindex"
									>
										iCalendar									</a>
								</li>
															<li class="tribe-events-c-subscribe-dropdown__list-item tribe-events-c-subscribe-dropdown__list-item--outlook-365">
									<a
										href=""
										class="tribe-events-c-subscribe-dropdown__list-item-link"
										target="_blank"
										rel="noopener noreferrer nofollow noindex"
									>
										Outlook 365									</a>
								</li>
															<li class="tribe-events-c-subscribe-dropdown__list-item tribe-events-c-subscribe-dropdown__list-item--outlook-live">
									<a
										href=""
										class="tribe-events-c-subscribe-dropdown__list-item-link"
										target="_blank"
										rel="noopener noreferrer nofollow noindex"
									>
										Outlook Live									</a>
								</li>
													</ul>
					</div>
				</div>
			</div>
		</div>
	</div>

<p class="sbf-search-event-date" style="color:#5a3e8c;font-weight:600;margin-bottom:4px;">📅 1. oktober 2025 kl. 16:00</p><p>I år har vi fejret vi 80-året for Danmarks befrielse, og under besættelsen foregik en hel del meget dramatiske begivenheder, lige fra sprængningen af Forum i august 1943, som var [&hellip;]</p>
