{"id":3590,"date":"2025-09-14T14:53:40","date_gmt":"2025-09-14T12:53:40","guid":{"rendered":"https:\/\/seniorbofrederiksberg.dk\/?post_type=tribe_events&#038;p=3590"},"modified":"2025-10-20T20:00:08","modified_gmt":"2025-10-20T18:00:08","slug":"paa-gaatur-med-borgmester-micheal-vindfelt","status":"publish","type":"tribe_events","link":"https:\/\/seniorbofrederiksberg.dk\/?tribe_events=paa-gaatur-med-borgmester-micheal-vindfelt","title":{"rendered":"AFLYST P\u00e5 g\u00e5tur med\u00a0borgmester\u00a0Micheal Vindfeldt\u00a0"},"content":{"rendered":"<div  class=\"tribe-events-schedule tribe-clearfix\" >\n\t<p class=\"tribe-events-schedule__datetime\">\n\t\t<span class=\"tribe-events-schedule__date tribe-events-schedule__date--start\">\n\t\t\t29 oktober, 2025\t\t<\/span>\n\n\t\t\t\t\t<span class=\"tribe-events-schedule__separator tribe-events-schedule__separator--date\">\n\t\t\t\t @ \t\t\t<\/span>\n\t\t\t<span class=\"tribe-events-schedule__time tribe-events-schedule__time--start\">\n\t\t\t\t10:30\t\t\t<\/span>\n\t\t\n\t\t\t\t\t\t\t\t\t<span class=\"tribe-events-schedule__separator tribe-events-schedule__separator--time\">\n\t\t\t\t\t &#8211; \t\t\t\t<\/span>\n\t\t\t\n\t\t\t\t\t\t\t<span class=\"tribe-events-schedule__time tribe-events-schedule__time--end\">\n\t\t\t\t\t11:30\t\t\t\t<\/span>\n\t\t\t\n\t\t\t\t\t\t<\/p>\n<\/div>\n\n\n\n<p class=\"has-vivid-red-color has-text-color has-link-color wp-elements-1 wp-block-paragraph\">AFLYST<\/p>\n\n\n\n<p class=\"wp-block-paragraph\"><strong>Onsdag den 29. oktober kl. 10.30-11.30<\/strong><\/p>\n\n\n\n<p class=\"has-text-color has-link-color wp-elements-2 wp-block-paragraph\" style=\"color:#0f00ff\">Aflyst &#8211; erstatet af indvielse af PARKEN i Hospitalshaven den 31.oktober 2025<br><\/p>\n\n\n\n<p class=\"wp-block-paragraph\"><strong>P\u00e5 g\u00e5tur med&nbsp;borgmester&nbsp;Micheal Vindfeldt&nbsp; i Hospitalshaven<\/strong><\/p>\n\n\n\n<p style=\"text-decoration:line-through\" class=\"wp-block-paragraph\">F\u00f8r sommeferien gik vi en meget sp\u00e6ndende og informativ tur med en embedsmand.Nu har vi f\u00e5et lejlighed til at g\u00e5r en tur med en politiker, som jo sammen med&nbsp;kommunalbestyrelsen, har indflydelse p\u00e5, om der kommer seniorbof\u00e6lleskaber i Hospitalshaven.<\/p>\n\n\n\n<p style=\"text-decoration:line-through\" class=\"wp-block-paragraph\"><strong>S\u00e5 st\u00f8t op om dette tiltag, som jo tager plads i en travl&nbsp;borgmester&nbsp;kalender.<\/strong><\/p>\n\n\n\n<p style=\"text-decoration:line-through\" class=\"wp-block-paragraph\">M\u00f8dested: Foran hovedindgangen p\u00e5 Ndr.Fasanvej.<\/p>\n\n\n\n<p class=\"wp-block-paragraph\"><strong>Du skal tilmelde dig i kalenderen.<\/strong><\/p>\n\n\n\n<p class=\"wp-block-paragraph\"><\/p>\n\n\n\n<p class=\"wp-block-paragraph\"><strong>P\u00e5 gensyn<\/strong><\/p>\n\n\n\n<p class=\"wp-block-paragraph\"><strong>P\u00e5 bestyrelsens vegne<\/strong><\/p>\n\n\n\n<p class=\"wp-block-paragraph\"><strong>Birgitte Franck<\/strong><\/p>\n\n\n<div  class=\"tribe-block tribe-block__event-price\" >\n\t\t<\/div>\n\n\n\n\n<div  class=\"tribe-block tribe-block__venue tribe-clearfix\" >\n\t\n\t\t\n\t<\/div>\n\n\n\n\n\t<div  class=\"tribe-block tribe-block__events-link\" >\n\t\t<div class=\"tribe-events tribe-common\">\n\t\t\t<div class=\"tribe-events-c-subscribe-dropdown__container\">\n\t\t\t\t<div class=\"tribe-events-c-subscribe-dropdown\">\n\t\t\t\t\t<div class=\"tribe-common-c-btn-border tribe-events-c-subscribe-dropdown__button\">\n\t\t\t\t\t\t<svg\n\t class=\"tribe-common-c-svgicon tribe-common-c-svgicon--cal-export tribe-events-c-subscribe-dropdown__export-icon\" \taria-hidden=\"true\"\n\tviewBox=\"0 0 23 17\"\n\txmlns=\"http:\/\/www.w3.org\/2000\/svg\"\n>\n\t<path fill-rule=\"evenodd\" clip-rule=\"evenodd\" d=\"M.128.896V16.13c0 .211.145.383.323.383h15.354c.179 0 .323-.172.323-.383V.896c0-.212-.144-.383-.323-.383H.451C.273.513.128.684.128.896Zm16 6.742h-.901V4.679H1.009v10.729h14.218v-3.336h.901V7.638ZM1.01 1.614h14.218v2.058H1.009V1.614Z\" \/>\n\t<path d=\"M20.5 9.846H8.312M18.524 6.953l2.89 2.909-2.855 2.855\" stroke-width=\"1.2\" stroke-linecap=\"round\" stroke-linejoin=\"round\"\/>\n<\/svg>\n\t\t\t\t\t\t<button\n\t\t\t\t\t\t\tclass=\"tribe-events-c-subscribe-dropdown__button-text\"\n\t\t\t\t\t\t\taria-expanded=\"false\"\n\t\t\t\t\t\t\taria-controls=\"tribe-events-subscribe-dropdown-content\"\n\t\t\t\t\t\t\taria-label=\"Se links til at tilf\u00f8je begivenheder til din kalender\"\n\t\t\t\t\t\t>\n\t\t\t\t\t\t\tTilf\u00f8j til kalender\t\t\t\t\t\t<\/button>\n\t\t\t\t\t\t<svg\n\t class=\"tribe-common-c-svgicon tribe-common-c-svgicon--caret-down tribe-events-c-subscribe-dropdown__button-icon\" \taria-hidden=\"true\"\n\tviewBox=\"0 0 10 7\"\n\txmlns=\"http:\/\/www.w3.org\/2000\/svg\"\n>\n\t<path fill-rule=\"evenodd\" clip-rule=\"evenodd\" d=\"M1.008.609L5 4.6 8.992.61l.958.958L5 6.517.05 1.566l.958-.958z\" class=\"tribe-common-c-svgicon__svg-fill\"\/>\n<\/svg>\n\t\t\t\t\t<\/div>\n\t\t\t\t\t<div id=\"tribe-events-subscribe-dropdown-content\" class=\"tribe-events-c-subscribe-dropdown__content\">\n\t\t\t\t\t\t<ul class=\"tribe-events-c-subscribe-dropdown__list\">\n\t\t\t\t\t\t\t\t\t\t\t\t\t\t\t<li class=\"tribe-events-c-subscribe-dropdown__list-item tribe-events-c-subscribe-dropdown__list-item--gcal\">\n\t\t\t\t\t\t\t\t\t<a\n\t\t\t\t\t\t\t\t\t\thref=\"https:\/\/www.google.com\/calendar\/event?action=TEMPLATE&#038;dates=20251029T103000\/20251029T113000&#038;text=AFLYST%20P%C3%A5%20g%C3%A5tur%20med%C2%A0borgmester%C2%A0Micheal%20Vindfeldt%C2%A0&#038;details=%3Cp+class%3D%22has-vivid-red-color+has-text-color+has-link-color%22%3EAFLYST%3C%2Fp%3E+%3Cp+class%3D%22%22%3E%3Cstrong%3EOnsdag+den+29.+oktober+kl.+10.30-11.30%3C%2Fstrong%3E%3C%2Fp%3E+%3Cp+class%3D%22has-text-color+has-link-color%22+style%3D%22color%3A%230f00ff%22%3EAflyst+-+erstatet+af+indvielse+af+PARKEN+i+Hospitalshaven+den+31.oktober+2025%3Cbr+%2F%3E%3C%2Fp%3E+%3Cp+class%3D%22%22%3E%3Cstrong%3EP%C3%A5+g%C3%A5tur+med%26nbsp%3Bborgmester%26nbsp%3BMicheal+Vindfeldt%26nbsp%3B+i+Hospitalshaven%3C%2Fstrong%3E%3C%2Fp%3E+%3Cp+style%3D%22text-decoration%3Aline-through%22+class%3D%22%22%3EF%C3%B8r+sommeferien+gik+vi+en+meget+sp%C3%A6ndende+og+informativ+tur+med+en+embedsmand.Nu+har+vi+f%C3%A5et+lejlighed+til+at+g%C3%A5r+en+tur+med+en+politiker%2C+som+jo+sammen+med%26nbsp%3Bkommunalbestyrelsen%2C+har+indflydelse+p%C3%A5%2C+om+der+kommer+seniorbof%C3%A6lleskaber+i+Hospitalshaven.%3C%2Fp%3E+%3Cp+style%3D%22text-decoration%3Aline-through%22+class%3D%22%22%3E%3Cstrong%3ES%C3%A5+st%C3%B8t+op+om+dette+tiltag%2C+som+jo+tager+plads+i+en+travl%26nbsp%3Bborgmester%26nbsp%3Bkalender.%3C%2Fstrong%3E%3C%2Fp%3E+%3Cp+style%3D%22text-decoration%3Aline-through%22+class%3D%22%22%3EM%C3%B8dested%3A+Foran+hovedindgangen+p%C3%A5+Ndr.Fa%3C%2Fp%3E+%28Se+hele+begivenhed-beskrivelsen+her%3A+https%3A%2F%2Fseniorbofrederiksberg.dk%2F%3Ftribe_events%3Dpaa-gaatur-med-borgmester-micheal-vindfelt%29&#038;trp=false&#038;ctz=Europe\/Copenhagen&#038;sprop=website:https:\/\/seniorbofrederiksberg.dk\"\n\t\t\t\t\t\t\t\t\t\tclass=\"tribe-events-c-subscribe-dropdown__list-item-link\"\n\t\t\t\t\t\t\t\t\t\ttarget=\"_blank\"\n\t\t\t\t\t\t\t\t\t\trel=\"noopener noreferrer nofollow noindex\"\n\t\t\t\t\t\t\t\t\t>\n\t\t\t\t\t\t\t\t\t\tGoogle kalender\t\t\t\t\t\t\t\t\t<\/a>\n\t\t\t\t\t\t\t\t<\/li>\n\t\t\t\t\t\t\t\t\t\t\t\t\t\t\t<li class=\"tribe-events-c-subscribe-dropdown__list-item tribe-events-c-subscribe-dropdown__list-item--ical\">\n\t\t\t\t\t\t\t\t\t<a\n\t\t\t\t\t\t\t\t\t\thref=\"\"\n\t\t\t\t\t\t\t\t\t\tclass=\"tribe-events-c-subscribe-dropdown__list-item-link\"\n\t\t\t\t\t\t\t\t\t\ttarget=\"_blank\"\n\t\t\t\t\t\t\t\t\t\trel=\"noopener noreferrer nofollow noindex\"\n\t\t\t\t\t\t\t\t\t>\n\t\t\t\t\t\t\t\t\t\tiCalendar\t\t\t\t\t\t\t\t\t<\/a>\n\t\t\t\t\t\t\t\t<\/li>\n\t\t\t\t\t\t\t\t\t\t\t\t\t\t\t<li class=\"tribe-events-c-subscribe-dropdown__list-item tribe-events-c-subscribe-dropdown__list-item--outlook-365\">\n\t\t\t\t\t\t\t\t\t<a\n\t\t\t\t\t\t\t\t\t\thref=\"\"\n\t\t\t\t\t\t\t\t\t\tclass=\"tribe-events-c-subscribe-dropdown__list-item-link\"\n\t\t\t\t\t\t\t\t\t\ttarget=\"_blank\"\n\t\t\t\t\t\t\t\t\t\trel=\"noopener noreferrer nofollow noindex\"\n\t\t\t\t\t\t\t\t\t>\n\t\t\t\t\t\t\t\t\t\tOutlook 365\t\t\t\t\t\t\t\t\t<\/a>\n\t\t\t\t\t\t\t\t<\/li>\n\t\t\t\t\t\t\t\t\t\t\t\t\t\t\t<li class=\"tribe-events-c-subscribe-dropdown__list-item tribe-events-c-subscribe-dropdown__list-item--outlook-live\">\n\t\t\t\t\t\t\t\t\t<a\n\t\t\t\t\t\t\t\t\t\thref=\"\"\n\t\t\t\t\t\t\t\t\t\tclass=\"tribe-events-c-subscribe-dropdown__list-item-link\"\n\t\t\t\t\t\t\t\t\t\ttarget=\"_blank\"\n\t\t\t\t\t\t\t\t\t\trel=\"noopener noreferrer nofollow noindex\"\n\t\t\t\t\t\t\t\t\t>\n\t\t\t\t\t\t\t\t\t\tOutlook Live\t\t\t\t\t\t\t\t\t<\/a>\n\t\t\t\t\t\t\t\t<\/li>\n\t\t\t\t\t\t\t\t\t\t\t\t\t<\/ul>\n\t\t\t\t\t<\/div>\n\t\t\t\t<\/div>\n\t\t\t<\/div>\n\t\t<\/div>\n\t<\/div>\n\n","protected":false},"excerpt":{"rendered":"<p class=\"sbf-search-event-date\" style=\"color:#5a3e8c;font-weight:600;margin-bottom:4px;\">\ud83d\udcc5 29. oktober 2025 kl. 10:30<\/p><p>AFLYST Onsdag den 29. oktober kl. 10.30-11.30 Aflyst &#8211; erstatet af indvielse af PARKEN i Hospitalshaven den 31.oktober 2025 P\u00e5 g\u00e5tur med&nbsp;borgmester&nbsp;Micheal Vindfeldt&nbsp; i Hospitalshaven F\u00f8r sommeferien gik vi en [&hellip;]<\/p>\n","protected":false},"author":1,"featured_media":0,"comment_status":"open","ping_status":"closed","template":"","meta":{"_EventAllDay":false,"_EventTimezone":"Europe\/Copenhagen","_EventStartDate":"2025-10-29 10:30:00","_EventEndDate":"2025-10-29 11:30:00","_EventStartDateUTC":"2025-10-29 09:30:00","_EventEndDateUTC":"2025-10-29 10:30:00","_EventShowMap":false,"_EventShowMapLink":false,"_EventURL":"","_EventCost":"","_EventCostDescription":"","_EventCurrencySymbol":"kr.","_EventCurrencyCode":"DKR","_EventCurrencyPosition":"suffix","_EventDateTimeSeparator":" @ ","_EventTimeRangeSeparator":" - ","_EventOrganizerID":[],"_EventVenueID":[],"_OrganizerEmail":"","_OrganizerPhone":"","_OrganizerWebsite":"","_VenueAddress":"","_VenueCity":"","_VenueCountry":"","_VenueProvince":"","_VenueState":"","_VenueZip":"","_VenuePhone":"","_VenueURL":"","_VenueStateProvince":"","_VenueLat":"","_VenueLng":"","_VenueShowMap":false,"_VenueShowMapLink":false,"_tribe_events_status":"","_tribe_events_status_reason":"","footnotes":""},"tags":[],"tribe_events_cat":[],"class_list":["post-3590","tribe_events","type-tribe_events","status-publish","hentry"],"_links":{"self":[{"href":"https:\/\/seniorbofrederiksberg.dk\/index.php?rest_route=\/wp\/v2\/tribe_events\/3590","targetHints":{"allow":["GET"]}}],"collection":[{"href":"https:\/\/seniorbofrederiksberg.dk\/index.php?rest_route=\/wp\/v2\/tribe_events"}],"about":[{"href":"https:\/\/seniorbofrederiksberg.dk\/index.php?rest_route=\/wp\/v2\/types\/tribe_events"}],"author":[{"embeddable":true,"href":"https:\/\/seniorbofrederiksberg.dk\/index.php?rest_route=\/wp\/v2\/users\/1"}],"replies":[{"embeddable":true,"href":"https:\/\/seniorbofrederiksberg.dk\/index.php?rest_route=%2Fwp%2Fv2%2Fcomments&post=3590"}],"version-history":[{"count":6,"href":"https:\/\/seniorbofrederiksberg.dk\/index.php?rest_route=\/wp\/v2\/tribe_events\/3590\/revisions"}],"predecessor-version":[{"id":3653,"href":"https:\/\/seniorbofrederiksberg.dk\/index.php?rest_route=\/wp\/v2\/tribe_events\/3590\/revisions\/3653"}],"wp:attachment":[{"href":"https:\/\/seniorbofrederiksberg.dk\/index.php?rest_route=%2Fwp%2Fv2%2Fmedia&parent=3590"}],"wp:term":[{"taxonomy":"post_tag","embeddable":true,"href":"https:\/\/seniorbofrederiksberg.dk\/index.php?rest_route=%2Fwp%2Fv2%2Ftags&post=3590"},{"taxonomy":"tribe_events_cat","embeddable":true,"href":"https:\/\/seniorbofrederiksberg.dk\/index.php?rest_route=%2Fwp%2Fv2%2Ftribe_events_cat&post=3590"}],"curies":[{"name":"wp","href":"https:\/\/api.w.org\/{rel}","templated":true}]}}

AFLYST På gåtur med borgmester Micheal Vindfeldt

<div  class="tribe-events-schedule tribe-clearfix" >
	<p class="tribe-events-schedule__datetime">
		<span class="tribe-events-schedule__date tribe-events-schedule__date--start">
			29 oktober, 2025		</span>

					<span class="tribe-events-schedule__separator tribe-events-schedule__separator--date">
				 @ 			</span>
			<span class="tribe-events-schedule__time tribe-events-schedule__time--start">
				10:30			</span>
		
									<span class="tribe-events-schedule__separator tribe-events-schedule__separator--time">
					 &#8211; 				</span>
			
							<span class="tribe-events-schedule__time tribe-events-schedule__time--end">
					11:30				</span>
			
						</p>
</div>



<p class="has-vivid-red-color has-text-color has-link-color wp-elements-1 wp-block-paragraph">AFLYST</p>



<p class="wp-block-paragraph"><strong>Onsdag den 29. oktober kl. 10.30-11.30</strong></p>



<p class="has-text-color has-link-color wp-elements-2 wp-block-paragraph" style="color:#0f00ff">Aflyst &#8211; erstatet af indvielse af PARKEN i Hospitalshaven den 31.oktober 2025<br></p>



<p class="wp-block-paragraph"><strong>På gåtur med&nbsp;borgmester&nbsp;Micheal Vindfeldt&nbsp; i Hospitalshaven</strong></p>



<p style="text-decoration:line-through" class="wp-block-paragraph">Før sommeferien gik vi en meget spændende og informativ tur med en embedsmand.Nu har vi fået lejlighed til at går en tur med en politiker, som jo sammen med&nbsp;kommunalbestyrelsen, har indflydelse på, om der kommer seniorbofælleskaber i Hospitalshaven.</p>



<p style="text-decoration:line-through" class="wp-block-paragraph"><strong>Så støt op om dette tiltag, som jo tager plads i en travl&nbsp;borgmester&nbsp;kalender.</strong></p>



<p style="text-decoration:line-through" class="wp-block-paragraph">Mødested: Foran hovedindgangen på Ndr.Fasanvej.</p>



<p class="wp-block-paragraph"><strong>Du skal tilmelde dig i kalenderen.</strong></p>



<p class="wp-block-paragraph"></p>



<p class="wp-block-paragraph"><strong>På gensyn</strong></p>



<p class="wp-block-paragraph"><strong>På bestyrelsens vegne</strong></p>



<p class="wp-block-paragraph"><strong>Birgitte Franck</strong></p>


<div  class="tribe-block tribe-block__event-price" >
		</div>




<div  class="tribe-block tribe-block__venue tribe-clearfix" >
	
		
	</div>




	<div  class="tribe-block tribe-block__events-link" >
		<div class="tribe-events tribe-common">
			<div class="tribe-events-c-subscribe-dropdown__container">
				<div class="tribe-events-c-subscribe-dropdown">
					<div class="tribe-common-c-btn-border tribe-events-c-subscribe-dropdown__button">
						<svg
	 class="tribe-common-c-svgicon tribe-common-c-svgicon--cal-export tribe-events-c-subscribe-dropdown__export-icon" 	aria-hidden="true"
	viewBox="0 0 23 17"
	xmlns="http://www.w3.org/2000/svg"
>
	<path fill-rule="evenodd" clip-rule="evenodd" d="M.128.896V16.13c0 .211.145.383.323.383h15.354c.179 0 .323-.172.323-.383V.896c0-.212-.144-.383-.323-.383H.451C.273.513.128.684.128.896Zm16 6.742h-.901V4.679H1.009v10.729h14.218v-3.336h.901V7.638ZM1.01 1.614h14.218v2.058H1.009V1.614Z" />
	<path d="M20.5 9.846H8.312M18.524 6.953l2.89 2.909-2.855 2.855" stroke-width="1.2" stroke-linecap="round" stroke-linejoin="round"/>
</svg>
						<button
							class="tribe-events-c-subscribe-dropdown__button-text"
							aria-expanded="false"
							aria-controls="tribe-events-subscribe-dropdown-content"
							aria-label="Se links til at tilføje begivenheder til din kalender"
						>
							Tilføj til kalender						</button>
						<svg
	 class="tribe-common-c-svgicon tribe-common-c-svgicon--caret-down tribe-events-c-subscribe-dropdown__button-icon" 	aria-hidden="true"
	viewBox="0 0 10 7"
	xmlns="http://www.w3.org/2000/svg"
>
	<path fill-rule="evenodd" clip-rule="evenodd" d="M1.008.609L5 4.6 8.992.61l.958.958L5 6.517.05 1.566l.958-.958z" class="tribe-common-c-svgicon__svg-fill"/>
</svg>
					</div>
					<div id="tribe-events-subscribe-dropdown-content" class="tribe-events-c-subscribe-dropdown__content">
						<ul class="tribe-events-c-subscribe-dropdown__list">
															<li class="tribe-events-c-subscribe-dropdown__list-item tribe-events-c-subscribe-dropdown__list-item--gcal">
									<a
										href="https://www.google.com/calendar/event?action=TEMPLATE&#038;dates=20251029T103000/20251029T113000&#038;text=AFLYST%20P%C3%A5%20g%C3%A5tur%20med%C2%A0borgmester%C2%A0Micheal%20Vindfeldt%C2%A0&#038;details=%3Cp+class%3D%22has-vivid-red-color+has-text-color+has-link-color%22%3EAFLYST%3C%2Fp%3E+%3Cp+class%3D%22%22%3E%3Cstrong%3EOnsdag+den+29.+oktober+kl.+10.30-11.30%3C%2Fstrong%3E%3C%2Fp%3E+%3Cp+class%3D%22has-text-color+has-link-color%22+style%3D%22color%3A%230f00ff%22%3EAflyst+-+erstatet+af+indvielse+af+PARKEN+i+Hospitalshaven+den+31.oktober+2025%3Cbr+%2F%3E%3C%2Fp%3E+%3Cp+class%3D%22%22%3E%3Cstrong%3EP%C3%A5+g%C3%A5tur+med%26nbsp%3Bborgmester%26nbsp%3BMicheal+Vindfeldt%26nbsp%3B+i+Hospitalshaven%3C%2Fstrong%3E%3C%2Fp%3E+%3Cp+style%3D%22text-decoration%3Aline-through%22+class%3D%22%22%3EF%C3%B8r+sommeferien+gik+vi+en+meget+sp%C3%A6ndende+og+informativ+tur+med+en+embedsmand.Nu+har+vi+f%C3%A5et+lejlighed+til+at+g%C3%A5r+en+tur+med+en+politiker%2C+som+jo+sammen+med%26nbsp%3Bkommunalbestyrelsen%2C+har+indflydelse+p%C3%A5%2C+om+der+kommer+seniorbof%C3%A6lleskaber+i+Hospitalshaven.%3C%2Fp%3E+%3Cp+style%3D%22text-decoration%3Aline-through%22+class%3D%22%22%3E%3Cstrong%3ES%C3%A5+st%C3%B8t+op+om+dette+tiltag%2C+som+jo+tager+plads+i+en+travl%26nbsp%3Bborgmester%26nbsp%3Bkalender.%3C%2Fstrong%3E%3C%2Fp%3E+%3Cp+style%3D%22text-decoration%3Aline-through%22+class%3D%22%22%3EM%C3%B8dested%3A+Foran+hovedindgangen+p%C3%A5+Ndr.Fa%3C%2Fp%3E+%28Se+hele+begivenhed-beskrivelsen+her%3A+https%3A%2F%2Fseniorbofrederiksberg.dk%2F%3Ftribe_events%3Dpaa-gaatur-med-borgmester-micheal-vindfelt%29&#038;trp=false&#038;ctz=Europe/Copenhagen&#038;sprop=website:https://seniorbofrederiksberg.dk"
										class="tribe-events-c-subscribe-dropdown__list-item-link"
										target="_blank"
										rel="noopener noreferrer nofollow noindex"
									>
										Google kalender									</a>
								</li>
															<li class="tribe-events-c-subscribe-dropdown__list-item tribe-events-c-subscribe-dropdown__list-item--ical">
									<a
										href=""
										class="tribe-events-c-subscribe-dropdown__list-item-link"
										target="_blank"
										rel="noopener noreferrer nofollow noindex"
									>
										iCalendar									</a>
								</li>
															<li class="tribe-events-c-subscribe-dropdown__list-item tribe-events-c-subscribe-dropdown__list-item--outlook-365">
									<a
										href=""
										class="tribe-events-c-subscribe-dropdown__list-item-link"
										target="_blank"
										rel="noopener noreferrer nofollow noindex"
									>
										Outlook 365									</a>
								</li>
															<li class="tribe-events-c-subscribe-dropdown__list-item tribe-events-c-subscribe-dropdown__list-item--outlook-live">
									<a
										href=""
										class="tribe-events-c-subscribe-dropdown__list-item-link"
										target="_blank"
										rel="noopener noreferrer nofollow noindex"
									>
										Outlook Live									</a>
								</li>
													</ul>
					</div>
				</div>
			</div>
		</div>
	</div>

<p class="sbf-search-event-date" style="color:#5a3e8c;font-weight:600;margin-bottom:4px;">📅 29. oktober 2025 kl. 10:30</p><p>AFLYST Onsdag den 29. oktober kl. 10.30-11.30 Aflyst &#8211; erstatet af indvielse af PARKEN i Hospitalshaven den 31.oktober 2025 På gåtur med&nbsp;borgmester&nbsp;Micheal Vindfeldt&nbsp; i Hospitalshaven Før sommeferien gik vi en [&hellip;]</p>
